?
0
Evaluate 12 + (4 - 6) + -4 + -1.
5
-15 - -17 - (1 - 0)
1
Calculate -2 + (1 - -2) + -1.
0
What is the value of 0 + 5 + -8 + (-4 - -2)?
-5
Calculate 12 + -19 + -2 + 8 + 4.
3
-11 - -14 - (1 - 1) - -5
8
What is -4 + 6 + -3 + (-3 - -5)?
1
What is 2 + -2 - (0 + 4 - 4)?
0
Calculate 3 - (6 + -7 + 2).
2
Evaluate 2 + -1 - (-6 - -13).
-6
-3 - (3 + (-7 - 4))
5
Calculate -2 + 3 + -7 + 5.
-1
What is (9 - 4 - 1) + -4?
0
0 - (4 + 2 - 3)
-3
Calculate 1 + 5 + (-9 - -4) + -1.
0
0 - (-2 + 12) - -19
9
Calculate (10 - 16) + 6 - 7.
-7
Calculate 1 + -3 - -3 - 3.
-2
What is -4 - (9 - (9 + -3 + -1))?
-8
What is the value of 1 + 2 - (-13 + 15)?
1
What is the value of -4 - (-14 + -2 - -8)?
4
What is -7 - (-6 - (2 - (-6 - -8)))?
-1
What is the value of 2 + (5 - 8) + -2?
-3
(-1 - -1 - 0) + -5
-5
What is the value of -2 + 0 - (2 + -4 + -1)?
1
Calculate (2 - (1 - -4)) + -2.
-5
What is 5 + -7 + 10 - (4 - 3)?
7
What is -4 - (4 - 0 - 2)?
-6
6 + -1 + -4 + -4
-3
Evaluate 3 - -9 - (3 - -2 - -2).
5
-26 - -32 - (4 + 5 - -2)
-5
What is the value of (3 - -10) + -6 - 13?
-6
What is (9 - -3) + 1 + -7?
6
Calculate -7 + (20 - (-5 - -11)).
7
Calculate 3 + -2 + 0 - 3.
-2
-4 + (2 + 1 - 1) + 4
2
What is -5 - -1 - (23 - 28)?
1
11 - (7 - (-12 + 2))
-6
Evaluate 3 + -2 + -7 + (-1 - -2).
-5
Evaluate 1 + 7 - (-28 - -30) - 11.
-5
What is -2 - (-4 + -1 + 1) - 6?
-4
Calculate (11 - 2) + 15 + -10 + -13.
1
-7 + 0 + (-8 - -4 - -7)
-4
What is (-76 - -65) + (3 - -2)?
-6
Calculate (0 - -7) + -9 - -6.
4
What is the value of -2 + (6 - 12 - (-3 + 0))?
-5
Evaluate -6 + -5 + 4 + 1.
-6
What is 2 + (0 - 1) + 2?
3
Calculate -1 + 6 - 3 - 4.
-2
What is -1 + (0 + -2 - (-8 + 4))?
1
What is (16 - 3) + 0 + 0 + -6?
7
Evaluate 3 + 0 + (-3 - 1) - 4.
-5
What is the value of (20 + -9 - 2) + 0?
9
Evaluate 7 + -5 - -1 - (0 - 2).
5
-14 - -13 - (-5 + -1)
5
2 - 0 - ((-19 - -24) + 8)
-11
Calculate 15 + 0 + -4 - 15.
-4
112 + -105 + (-1 - 13) + 1
-6
Calculate 3 + (-26 + 29 - (0 + 2)).
4
-1 - -2 - (3 - -2)
-4
What is 0 + -1 + (-89 - -87)?
-3
13 - (2 + 5 - (23 + -23))
6
What is the value of -4 - ((-8 - -4) + 2 + 3)?
-5
Evaluate (-6 - 16 - -6 - -6) + 4.
-6
What is 5 + 1 + -8 + 3?
1
-8 + (9 - (-6 + 10 - 1))
-2
Evaluate -4 - (-1 + 4 + -2).
-5
-10 - (7 + -6) - -5
-6
What is the value of (-5 - (4 - 5)) + -1?
-5
Evaluate (7 + -4 - -1) + 0 - 3.
1
(-57 - -48) + 0 + 11
2
What is (6 + -5 - 7 - 2) + 10?
2
3 + 1 + 0 + (-2 - -2)
4
Evaluate 2 - (6 + -3) - (-2 + -5).
6
2 + -1 + 0 - 6
-5
Evaluate 15 - (-5 - 8 - -22).
6
Evaluate 0 - (6 + -10 - (-11 - -1)).
-6
6 - 0 - (3 + 7 + -6)
2
3 + -1 + -3 + -2 - 1
-4
What is the value of 3 - (1 + 3 + (1 - 6))?
4
-4 + 3 - (-6 - (-6 - -3))
2
What is -5 + 7 + 2 + -5?
-1
Calculate (-40 - -43) + (-5 - -2).
0
1 - -3 - (-2 - -6) - 2
-2
Calculate -5 + 5 + -15 + 12.
-3
What is -9 + ((6 - -2) + -8 - -5)?
-4
-2 + (0 + 12 - 2)
8
(11 - (14 - 5)) + 2
4
Evaluate -3 + (1 - ((-4 - 0) + 5)).
-3
(6 - -1 - (-12 - -18)) + -7
-6
(3 - 0) + (6 - 7 - 5)
-3
Calculate -2 + 0 - (-1 + (0 - -2)).
-3
What is the value of -9 - -7 - (0 - -2)?
-4
Evaluate (4 - (4 + 1)) + 5 - -2.
6
3 + (-2 - -1 - 5)
-3
What is 3 - (5 - 0) - (1 + 2)?
-5
-7 + (3 + 3 - 7 - -4)
-4
What is 8 + 5 + -13 + 5 + -1?
4
-2 + ((-5 - -10) + -11 - -11)
3
Evaluate 6 - ((-12 - 3) + 13).
8
3 - (-3 - (-7 + -6))
-7
What is the value of -3 - (-6 + (7 - 0))?
-4
What is the value of -7 - (0 + -1 + -3)?
-3
What is 5 + (-6 - (-5 + -1))?
5
What is -1 - 3 - (-5 - 1 - -3)?
-1
Evaluate -7 + (0 + 7 - 4 - -2).
-2
Evaluate -29 + 12 - (-5 + -3).
-9
(3 - 0) + (-4 - -9) + -5
3
-6 + 10 + (6 - 12) - 2
-4
Calculate 10 - (-10 + 16 - -6).
-2
-14 + 7 + 6 - 3
-4
What is the value of 1 - (4 + (-7 - (0 - 4)))?
0
Calculate -9 - (8 - 22 - -10).
-5
What is 0 - (0 + (-3 - -3) + 1)?
-1
What is (4 - (0 + 2)) + -12 + 10?
0
What is the value of 3 - (-2 - (-1 - (2 + -2)))?
4
What is the value of -1 + (5 - -4) + -5?
3
What is the value of -1 + 4 + 2 + -8?
-3
Calculate -9 - -4 - (-3 + 0).
-2
What is the value of -2 + (-2 - -3) + 3 + -1?
1
Calculate (-2 - -11) + 7 + -10.
6
What is the value of (-4 + 2 - 1) + -1?
-4
Calculate (-1 - -3) + (0 - 2) + 0.
0
(-6 - -4 - -4) + -2
0
What is the value of -2 + 7 + -3 + 1 + -1?
2
What is the value of 1 - ((-3 - -1) + 2 + -3)?
4
What is -7 + (-3 + 6 - 0 - -1)?
-3
Calculate -6 + -2 - -4 - (-7 - -3).
0
What is -4 - (-10 - (3 - (7 + 0)))?
2
Evaluate (1 - 1) + 3 + 55 + -57.
1
What is the value of -7 + (9 - (11 + -6))?
-3
Calculate (6 - (-7 + 8)) + -12.
-7
-4 - (-7 + 1 + (-16 - -15))
3
Evaluate 3 - (7 + -12 - -9).
-1
Calculate (7 - 4) + 4 + -4.
3
-2 + 3 + -3 + 4 + -5
-3
What is the value of (1 + -4 - -1) + 0 + 7?
5
What is the value of (-1 - 1) + (7 - 4) - -3?
4
Evaluate (13 - 5) + -15 - -10.
3
Evaluate 9 + 1 + -12 + (0 - -2).
0
(-4 - -3) + -6 + 3 + 11
7
What is the value of 21 + -10 - 7 - (-1 - 3)?
8
What is 5 + -5 + (-1 - 1) - 3?
-5
Calculate (71 - 80) + -1 + 13.
3
What is (8 - 5) + -5 + 7?
5
Evaluate (7 - 0 - (16 + -11)) + 6.
8
What is the value of 5 - (5 + (7 - 12))?
5
What is the value of -5 - (-10 + (2 - 0) + 1)?
2
(1 - 5 - (2 + -2)) + 1
-3
-1 + -3 + (-8 - -13) + 0
1
What is 1 + 1 + 4 + (3 - 4)?
5
What is (-5 - 9) + 5 - -5?
-4
Evaluate -5 - (-4 - -1 - (21 - 19)).
0
What is 4 - (3 + 1 + 2)?
-2
What is (6 - -2) + -9 - (-1 + -1)?
1
Evaluate 23 + (8 - (-10 - -31)).
10
Evaluate (4 - (2 - 0)) + (13 - 13).
2
What is -3 - ((-2 + 2 - 0) + 0)?
-3
What is the value of (-11 - 0) + 19 + -5?
3
Calculate (-2 - 1) + -3 - -3 - 0.
-3
Evaluate (1 - -2) + (126 - 132).
-3
What is -1 + (-2 - (-1 - -3))?
-5
-9 - -3 - (-4 + 2 + 0)
-4
What is 3 + -12 + 14 - -2?
7
What is the value of -5 - (5 + -11) - 0?
1
Evaluate -1 + (-2 - (-3 + 0 + 1)).
-1
Evaluate 0 - -2 - (0 - 2).
4
What is 9 + -8 + (-2 - (-9 - -4))?
4
Evaluate 4 + (7 - 3 - (-7 + 7)).
8
Calculate (-26 - -6) + (9 - -1).
-10
(0 - (3 - 7 - -4)) + 3
3
What is 7 + -1 + -3 + -1?
2
Calculate -6 - (-2 - ((3 - 1) + 0)).
-2
Evaluate 1 + -4 + (7 - (13 + -4)).
-5
What is -26 + 18 + 9 - (0 + 8)?
-7
5 + 2 + -1 + (-8 - -7)
5
Calculate -2 - (-18 + 16 - (-3 - 0)).
-3
What is -7 - (10 - (7 - -5))?
-5
Calculate (-9 + 6 - -5) + -6.
-4
Calculate 0 + -1 - (-24 + 19).
4
1 - 5 - 0 - 0
-4
Evaluate (0 - -15) + -63 + 55 + -15.
-8
What is the value of -3 + 7 + -3 + 2?
3
Calculate (4 + -2 + -6 - -6) + 6.
8
What is (-10 - -10) + 3 + -1 - 0?
2
What is the value of 7 + -5 + (-23 - -23)?
2
What is the value of 1 - 5 - (-6 + 10 + 0)?
-8
Calculate (-2 + 12 - 5) + -10.
-5
What is the value of (4 - 1) + (-4 - (-9 + 5))?
3
10 + (18 - 12) + -12
4
2 - (0 + (3 - 7) - 3)
9
Calculate -3 - -5 - (-4 - -1).
5
What is (-22 - -11 - -6) + 5?
0
Calculate -3 - (-6 + 2 - -4).
-3
What is the value of (-9 - -1) + 6 - 6?
-8
(-4 - (-4 + 5)) + 9
4
Evaluate 6 - (-23 + 28 + (-1 - 5)).
7
(-2 - -7 - 1) + -4
0
What is the value of (3 - 1) + 1 - (5 - -3)?
-5
Calculate (1 - (7 + -8)) + -14 - -7.
-5
What is the value of -5 - (-4 - (-3 + 1) - 2)?
-1
What is the value of 65 + -66 + 1 + 0 - 7?
-7
-1 + 1 + (14 - 11)
3
What is -5 + -3 + 4 + 3 - 8?
-9
What is 7 - (7 - (3 + -5))?
-2
Calculate (-6 - -1) + -17 + 21 + -3.
-4
(1 - (-4 + -2)) + -2 + -15
-10
What is the value of (6 - (0 - 1)) + 342 + -345?
4
What is the value of 15 + -5 + (8 - 10)?
8
Calculate (-4 + 2 - -4) + -1 + 6.
7
Calculate 2 - ((4 - 5) + -2 + -1).
6
Evaluate 4 - (4 - 7) - 3.
4
Calculate 8 + 5 + -7 + -8.
-2
What is -1 - 5 - (-2 + 5 + -4)?
-5
Calculate -1 + (-3 - 3 - -1) + 2.
-4
-4 + -8 + -5 + 11 + 6
0
What is 0 + 2 - (-6 + 4 - -5)?
-1
Calculate 2 + 2 + -1 + 0.
3
What is -1 - -10 - 12 - -8?
5
10 + (0 - -2) + -13
-1
Evaluate -5 + (-3 - (-13 + 1 + 4)).
0
Evaluate -3 + 4 + -7 + 11 + -2.
3
Calculate 8 - (-4 + 2) - 5.
5
What is 1 + -4 + 2 + -2?
-3
What is the value of 0 - (-1 + (-2 - -8) + -8)?
3
Evaluate (5 - (3 - 2) - -1) + 4.
9
What is the value of -10 + (39 - 13) + -6?
10
4 - 4 - 4 - 3
-7
What is the value of -18 - -27 - (-2 - -6)?
5
What is 13 + -12 - (1 - (1 - 0))?
1
-3 - (4 + -10 - -4)
-1
Calculate -13 + 6 - (-6 - 3).
2
Calculate (-5 - (-9 + 2 - -3)) + 3.
2
Evaluate 11 + -7 + (2 - (11 - 2)).
-3
What is the value of (7 - 5) + -5 - -3?
0
(-3 - 1) + -90 + 89
-5
Evaluate 0 - -3 - (54 + -57).
6
2 + -8 + 2 + 6
2
Evaluate (-3 - (2 + -1 - 1)) + 3.
0
Calculate 9 - (-2 - -2 - -3).
6
(3 - (-1 - -4) - 2) + 2
0
What is the value of (0 - (-1 + 0)) + -4 - 1?
-4
